 Give u(d).
0
Let s(i) = -i**2 - 2. Let k = 9 + -7. Calculate s(k).
-6
Let d(h) = -1 - 7*h + 8 + h**2 + h. Determine d(5).
2
Suppose -11 = -k - 6. Let u(n) = n. Let p(g) = -6*g. Let b(s) = -2*s - 3. Let l be b(-2). Let h(w) = k*u(w) + l*p(w). Calculate h(3).
-3
Let k(s) = -s**2 - 4*s. Suppose -6 = 3*t - 0. Calculate k(t).
4
Let b(q) = -q**2 + 2*q - 6. Let d be b(0). Let h(t) = t**2 + 7*t. Calculate h(d).
-6
Let f(h) be the first derivative of -h**4/4 - 5*h**3/3 - h**2 - 2*h + 32. Give f(-5).
8
Let x(s) = 6*s + 1 + s**2 - s + 0*s. Let o(c) = 9*c + 40. Let r be o(-5). Calculate x(r).
1
Let f(j) = -4*j + 4*j**3 - 1 - j**2 - 3*j**3 + 0*j**2. Let k = 23 - 36. Let o = 16 + k. Determine f(o).
5
Let d(u) = 2*u**2 - 3*u + 2. Suppose 3*b + m = -2*b + 37, -5*m - 18 = -4*b. Suppose 3*x + 1 - b = 0. Calculate d(x).
4
Let m(z) be the second derivative of z**5/20 - z**4/12 - z**3/6 - 9*z**2/2 + 19*z. Calculate m(0).
-9
Let k(n) be the third derivative of n**7/2520 - n**6/120 + n**5/24 + n**4/24 - 2*n**2. Let o(y) be the second derivative of k(y). Determine o(6).
5
Let k(l) = 2 - 2 + 2*l. Let x be (-76)/(-24) - 1/6. Let u = -1 + x. Calculate k(u).
4
Let b(j) be the second derivative of 0 - 2*j - 1/2*j**3 + j**2. Let t = -24 + 26. Determine b(t).
-4
Let y(h) = -h**2 + 6*h. Let i = -7 - -5. Let s be (4/(-6))/(i/18). Calculate y(s).
0
Let r(i) = -5*i**2 + i. Let p be 4/12*(1 - -11). Suppose -u - 5*b = -p*u + 12, -2 = -u + b. Give r(u).
-6
Suppose -2*x + v = 2*v - 4, -4*x + v + 20 = 0. Let m(w) = -9*w + 4 + 8*w - 4. Determine m(x).
-4
Let i(c) = -c**3 - 4. Let z be (1 + -1 - 0) + -1. Let n be z/(1 + 8/(-6)). Suppose -4*v = -0*v + n*a - 15, -4*a + 20 = v. Give i(v).
-4
Suppose -2*n = -2*l - 10 + 4, 6 = 3*n - 4*l. Let z(m) = m**3 - 6*m**2 + 2*m - 6. Determine z(n).
6
Suppose 2 = b + 5*v, -5*b - 3*v - 18 = -6*v. Let c(p) = -p**2 - 2*p - 1. Calculate c(b).
-4
Let a(v) be the first derivative of -4*v**3/3 - v**2/2 - 26. What is a(1)?
-5
Let q(o) = o**3 - o - 2. Let n(w) = w**2 - 9*w + 6. Let z be n(8). What is q(z)?
-8
Let u(z) be the second derivative of -z**6/360 + z**5/40 + 2*z**4/3 - 4*z. Let j(l) be the third derivative of u(l). What is j(3)?
-3
Let g be 2/5 - 80/(-50). Let c(x) = 3 - 4 - 14*x + g + x. Calculate c(1).
-12
Let z(p) = -3*p - 14. Let i(j) = -j - 5. Let w(q) = 8*i(q) - 3*z(q). Let x be -1*15/(-3) + -2. Give w(x).
5
Let d be -2 - ((-1)/1 - 1). Suppose -4*y + 5*y = d. Let w(g) = g**3 + g**2 - 2*g - 1. Let l(j) = j**3 + j**2 - j + 1. Let u(v) = 2*l(v) - w(v). Give u(y).
3
Let a(i) be the third derivative of i**5/60 - i**4/6 - i**3/2 + 2*i**2. Let h = 3 + 3. Let o(d) = d**3 - 6*d**2 + 4. Let c be o(h). Give a(c).
-3
Let j = 2 - 0. Let l be (-2)/(-4)*16/j. Let d(n) = -n**2 - l*n + 0 - n - 6 + 2. Determine d(-5).
-4
Let f(x) = -2*x. Let a = 1 - 0. Let q = a + 3. Determine f(q).
-8
Suppose -y + 4 = 3. Let t(d) = 3*d**3 + d**2 - 1. Calculate t(y).
3
Let x = 7 + -2. Suppose -3*g - 16 = v + 4*v, -x*v - 14 = 2*g. Let d(z) = -6*z - 3 - 2*z**2 + 0 + 2*z. Calculate d(v).
-3
Let j(f) = 0 - 2*f**3 - 1 + 365*f**2 - 363*f**2. Calculate j(-1).
3
Let i(u) be the third derivative of u**5/60 + 7*u**4/24 - 7*u**3/6 + 19*u**2. What is i(-8)?
1
Let n be 12/42 - 34/(-28) - 1. Let g(b) be the third derivative of -2*b**2 + n*b**3 + 1/12*b**4 + 0 + 1/60*b**5 + 0*b. Calculate g(-3).
6
Suppose 3*h + 2 = j + 18, 0 = -j - 3*h + 8. Let i(k) be the third derivative of k**5/60 + k**4/8 + k**3/2 - 11*k**2 + 1. Calculate i(j).
7
Let y(i) = -i - 1. Let b(d) = -d**2 - 12*d - 13. Let m(c) = -b(c) + 6*y(c). Calculate m(-6).
7
Let k(a) = -a**3 + 5*a**2 - 5*a + 2. Let n = -18 + 22. What is k(n)?
-2
Let d(b) be the first derivative of -4 - 1/3*b**3 - 1/4*b**4 + 1/2*b**2 - 6*b. Calculate d(0).
-6
Let d(p) be the third derivative of p**5/20 + p**4/8 + p**3/3 + 16*p**2. What is d(-2)?
8
Let i = 29 + -14. Suppose -4*l = -l + i. Let u(p) = -p**3 - 6*p**2 - 7*p - 5. Give u(l).
5
Let q(v) = -1. Let r(h) = h**2 - h + 6. Let t(k) = -k**2 + 2*k - 7. Let f = -5 + 8. Let n(a) = f*r(a) + 2*t(a). Let c(u) = -n(u) - 2*q(u). Give c(-3).
-8
Let y(p) be the first derivative of -p**4/4 + 2*p**3/3 - 3*p**2/2 + 2*p - 2. Let c(s) = -s**2 + 3*s - 6 + 2*s + 2 + 2*s. Let k be c(6). Give y(k).
-4
Let s(i) = i**3 + 8 - i - 22*i**2 + 22*i**2. What is s(0)?
8
Let c(d) = d**3 + 4*d**2 - 5*d + 1. Suppose 2*s - 3*n - 4 + 2 = 0, 16 = -3*s - 5*n. Let i be s*1 + 0 + -3. Let m be c(i). Let r(k) = k**2. Determine r(m).
1
Let t(z) = z**3 + 4*z**2 - 4*z - 4. Let o = 18 + -22. What is t(o)?
12
Suppose x = -4*b - 7 - 1, 0 = -2*x - b - 9. Let h(u) = u**3 + 5*u**2 + 4*u - 5. Calculate h(x).
-5
Let x(j) be the first derivative of 3*j**4/2 - 3*j**3 - 3*j**2 + 3*j + 4. Let y(v) = -5*v**3 + 8*v**2 + 5*v - 2. Let z(n) = 6*x(n) + 7*y(n). Give z(-3).
-2
Let y(c) = -c**2 + c - 1. Let o be (-1 - -2)/((-2)/(-18)). Let l(b) = -4*b**2 + 4*b - 4. Let w(g) = o*y(g) - 2*l(g). Determine w(0).
-1
Let x(c) = 3*c**3 - c**2 - 26*c - 6. Let z(k) = -k**3 + 9*k + 2. Let q(g) = -4*x(g) - 11*z(g). What is q(5)?
2
Let i = 1 + -4. Let d(c) be the second derivative of c**3/2 + 3*c**2/2 + 54*c. Calculate d(i).
-6
Let m(r) = -3*r**2 - 7*r**2 + 7*r**2 - 3*r. Suppose -2 = d - 0. Calculate m(d).
-6
Let y(r) be the first derivative of r**3/3 + 5*r**2/2 - 3*r - 6. What is y(-5)?
-3
Let w = -247/2 - -126. Let g(c) be the second derivative of 0 + 0*c**3 + w*c**2 - 1/20*c**5 + c - 1/3*c**4. What is g(-4)?
5
Let i(w) be the first derivative of -w**2/2 + 2*w + 5. Calculate i(1).
1
Let r(g) = -g**2. Let l be ((-4)/6)/(4/6). Let o(h) = -2*h**2 - 2*h - 1. Let u be o(l). Determine r(u).
-1
Let p = 56 - 51. Let z(a) = a**3 - 2*a - 6*a**2 - 2 + 5*a + 2*a. Determine z(p).
-2
Let i = -2 - -9. Let q be 1 - (2 - -1 - i). Let o(s) = s + 1. Calculate o(q).
6
Let l(r) be the third derivative of r**4/24 + r**3/6 - 4*r**2. Let h be -1*1/2*-4. Let q be 0/(2/(-4)*h). Calculate l(q).
1
Suppose -3 = 2*h - 5. Let o = 3 + h. Suppose 3*w = -n - w + 16, -o*w + 24 = -n. Let j(q) = q**2 + 5*q - 2. Determine j(n).
-6
Let p(b) = b**3 - 6*b**2 + 6*b - 1. Let f be -4 + 3 + (0 - -1). Suppose 22 = -d - 4*n, f = 5*d - 0*d - 4*n - 10. Let z = 3 - d. Give p(z).
4
Let i(u) be the first derivative of -5*u**4/2 + 2*u**3/3 - u + 1. Let r(w) = w**2 - 2*w - 14. Let d be r(5). Determine i(d).
-9
Let z(n) be the first derivative of n**3/3 + 3*n**2/2 + 2*n + 1. Let h be z(-3). Suppose 3 + h = -5*c. Let u(p) = -p**2 - 1. Give u(c).
-2
Let d(v) = -v**3 - 4*v**2 + 6*v + 6. Let k(l) = -2*l**2 + 30*l - 56. Let u be k(13). Give d(u).
-18
Let o(n) = 1 + 4*n**2 - 12 - 12 - 5*n**2 + n. Determine o(0).
-23
Let k(q) = -4*q + 2*q**2 - 11 - 3*q - q**3 - 10*q**2 + 16. What is k(-7)?
5
Let x(q) be the second derivative of -7/2*q**2 - 1/20*q**5 + 0 - 6*q + 1/2*q**4 - 1/3*q**3. Give x(5).
8
Let m(w) = -w**2 - w + 1. Let l(o) = -4*o**2 - 3*o + 3. Let f(h) = -3*l(h) + 8*m(h). Calculate f(-2).
13
Let m(n) = -2*n - 4. Suppose 2*h - 2*p + 2 = 0, -h + 5*p = 19 - 6. Suppose l = h*l + 4. What is m(l)?
4
Let s(w) = w**2 - 4*w + 6. Let j = 9 + -5. Determine s(j).
6
Let y(b) = b**3 - 4*b**2 - 2*b + 2. Suppose -4*o = -23 + 7. Determine y(o).
-6
Let p(y) = y**2 - 5*y + 4. Let r be (-12)/18 - 22/(-6). Suppose r*b = -2*t + 23, 2*t - 3 = -0*t + b. What is p(t)?
0
Let a(p) = 2*p - 3. Let g(l) = 3*l + 7. Let y be g(-10). Let n = 27 + y. Give a(n).
5
Let n(f) = -f**2 + f + 1. Suppose 3*y = -y + 116. Suppose 26 = 3*k - 4*u, -k + 3*k = 5*u + y. Let c be k/8 + 2/(-8). Calculate n(c).
1
Let u(r) = -4*r**2 + r - 5. Let b(f) = -5*f**2 - 5. Let z(h) = -5*b(h) + 6*u(h). Calculate z(-5).
-10
Suppose -2*z + 8 = 4. Suppose 1 = 2*j - 5. Let m(a) = -3 + j + a**z - 8*a + 7 + 0. Give m(5).
-8
Suppose 17 = 2*x - 3*s, 0 = x + 4*x + s - 17. Let u(l) = -6*l - 2. What is u(x)?
-26
Let z(t) = 3*t - 9. Let r(l) = -2*l + 4. Suppose -2*f - 1 + 5 = 0. Suppose 3*o + f*o - 15 = 0. Let n(w) = o*z(w) + 7*r(w). Calculate n(-1).
6
Let z(b) = -b - 6. Let j be z(-10). Let n(o) = -3*o**3 - 4*o**2 + j*o + 3*o**3 - o**3 - 2. What is n(-5)?
3
Let t(r) = 2 - 13*r - 4 + 2. What is t(1)?
-13
Let z(y) = -y**2 - 5*y + 2. Let h(l) = -l**3 - 4*l**2 + 3. Let a be h(-3). What is z(a)?
-4
Let l(k) = k**2 + 5*k - 19. Let i be l(-7). Let g(c) = -c**3 - 4*c**2 + 2*c - 3. Calculate g(i).
12
Let o =